 4*q(r). Determine v(2).
2
Let o(i) be the third derivative of -3*i**4/8 - i**3/6 - 31*i**2. Calculate o(2).
-19
Let f be -6 + 4 + 1 + -3. Let n(i) = -i**3 - 5*i**2 - 4*i - 5. What is n(f)?
-5
Let s(j) = j**3 + 12*j**2 - j - 10. Let d be s(-12). Suppose 6 - d = a. Let w(i) = -i**3 + 3*i**2 + 3*i - 1. Determine w(a).
-5
Let v = -103 + 108. Suppose 0*r - r = 0. Let d(x) = 5 + r + 0 - 2*x. What is d(v)?
-5
Let m(b) = -b**2 - 4*b - 4. Let j = -7 + 23. Suppose -j = 4*k - 4. Calculate m(k).
-1
Let x(a) be the second derivative of a**4/12 + a**3/2 - 5*a**2/2 - 40*a. Determine x(-4).
-1
Let y(t) = 6*t**2 + 2*t + 2. Let c(a) = a**3 + 10*a**2 + 3*a + 3. Let b(d) = 3*c(d) - 5*y(d). Calculate b(-2).
-23
Let m(o) = 13*o**2 + 19*o + 40. Let l(z) = 7*z**2 + 9*z + 20. Let s(t) = -11*l(t) + 6*m(t). Let b be s(-14). Let u(a) = a**2 - 7*a + 4. Calculate u(b).
-2
Let t(r) be the first derivative of -r**3/3 - 5*r**2 - 5*r - 20. What is t(-9)?
4
Let t(v) = 3*v - 3. Suppose 0*n = n. Suppose r - 2*r + 2 = n. Calculate t(r).
3
Let a(n) be the second derivative of n**3/6 + 5*n**2 + 3*n. Let q be a(-5). Let o(i) = i**2 - 4*i - 4. What is o(q)?
1
Let y(i) = 4*i + 2. Let j(d) = -5*d - 3. Let o(s) = 5*j(s) + 6*y(s). Suppose 0 = -4*c - x - 36, 3*c + 2*x = 4*c. Calculate o(c).
5
Suppose a = 4*b - 13, -17 = -2*b - a - 2*a. Let r be -1 + 0 + (-2)/(-2). Suppose 3*u - u - b = r. Let x(p) = -2*p - 2. Calculate x(u).
-6
Let m(d) be the third derivative of -1/24*d**4 + 0*d - 1/3*d**3 - 3*d**2 + 0. Calculate m(-6).
4
Let r(n) = -n**3 + 3*n**2 - 3*n + 2. Suppose -6 = h - 2*h. Suppose 0 = 2*j + 2*m, -3*m - h + 0 = 0. Give r(j).
0
Suppose -4*f = 12 - 4. Let h(o) = 3*o**3 + 2*o + 16. Let u(l) = l**3 + l + 8. Let i(r) = f*h(r) + 5*u(r). Give i(0).
8
Let j(h) be the third derivative of -1/12*h**5 - 4*h**2 - 1/120*h**6 - 1/6*h**4 + 0 + 1/6*h**3 + 0*h. Calculate j(-4).
1
Let w(z) = z**2 - 3*z - 1. Let h(b) = -b**2 + 2*b. Let n(d) = -4*h(d) - 5*w(d). Determine n(7).
5
Let l = 14 - 13. Let i(h) = -3*h - l + 0*h**2 - 2*h**2 + 0*h. What is i(-2)?
-3
Suppose 25 = 4*p + 1. Suppose 0 = -4*b - 16, 0 = -3*k - 4*b + p*b - 4. Let m(a) be the first derivative of -a**4/4 - a**3 + 5*a**2/2 + 6*a + 2. Give m(k).
2
Let d(w) = -w**2 + w - 1. Suppose -3*z = -0 - 15. Let b(p) = -p**3 + 6*p**2 - 3*p + 3. Let s(m) = z*d(m) + b(m). Calculate s(2).
-2
Let w(g) be the second derivative of -g**4/12 + g**3 + 3*g**2 + 19*g. Calculate w(7).
-1
Let m(h) be the third derivative of 0*h + 0 - 2*h**2 - 7/6*h**3 + 1/60*h**5 + 5/24*h**4. Suppose -j = 4*j + 25. Determine m(j).
-7
Suppose -5*x + 8 = -2. Let w(n) = -n**2 - n**2 + 1 + 3*n**3 - n - x*n**3. Suppose -o + 14 = 4*r, -4*o + 2*r + r = 1. Determine w(o).
-1
Let i(k) = 2 - 6*k - 4*k**2 + 3*k**2 + 2. Give i(-3).
13
Let j = 2 - 2. Let i(n) be the second derivative of n**5/60 + n**3 + n**2 + 3*n. Let c(r) be the first derivative of i(r). What is c(j)?
6
Let r(w) = 2*w - 1 + 1. Let u(g) = g**3 + 10*g**2 + 10*g + 12. Let y be u(-9). Suppose 10 = t - y*t. Give r(t).
-10
Suppose 3*u - 2*c - 53 = 0, -3*c - c = 4*u - 44. Let v be ((-8)/(-12))/(2/u). Let f(m) = -m**2 + 6*m + 1. Calculate f(v).
6
Let r(f) = f**3 - f**2 - 1. Let s(y) = 6*y**3 - 13*y**2 + 8*y - 10. Let j(o) = 5*r(o) - s(o). What is j(7)?
-2
Let d be (8 + -13)*1*-1. Suppose 3*o - 2*m - 16 = -o, -d*o = -5*m - 10. Let k(y) = -y + 1. Calculate k(o).
-5
Let d(w) = w**2 - 2*w - 3. Let q be d(-2). Let n = 10 - q. Let f(p) = p**2 - 7*p + 3. Determine f(n).
-7
Let w(a) be the first derivative of a**2/2 + 10*a - 12. Calculate w(-7).
3
Let t(g) = g**3 - 6*g**2 - 3*g + 13. Let f(o) = -o + 1. Let c(b) = 6*f(b) - t(b). Let p = -2 + 4. Suppose -15 = -5*r - 5*n, p*n + 1 - 2 = -r. Determine c(r).
3
Let d(m) be the second derivative of m**8/6720 - m**7/840 - m**6/180 + m**5/30 + m**4/4 + m. Let k(v) be the third derivative of d(v). Calculate k(4).
4
Let a be (-8)/28 + 9/7. Let s = -2 + 29. Let u(y) = 27 - 4*y - s. Calculate u(a).
-4
Let x(j) = -4*j + 6 - 6 + 0. Let l(s) = 2*s + 13. Let r(o) = -o - 1. Let u(y) = l(y) + r(y). Let i be u(-10). Determine x(i).
-8
Let w(k) = 5*k + 1. Let c(z) = -z. Suppose y = -6*y + 28. Let i(s) = y*c(s) + w(s). What is i(-1)?
0
Let b(q) = q**3 + q**2 + q + 5. Let a be b(0). Let m(k) = -3*k - 3*k**2 - 2 + a - 4. Give m(-2).
-7
Let q(f) = -4*f. Let z(b) be the third derivative of -b**4/8 + 2*b**2. Let t(s) = 4*q(s) - 5*z(s). Let i = -5 + 1. Calculate t(i).
4
Suppose 5*s + 2*i - 35 = 0, 15 = 2*i + 5. Suppose 9 = -2*q + 2*l - 1, -q = s*l - 25. Let o(g) = -3*g + 1 + g**2 + 2 + q*g**2. Determine o(4).
7
Suppose 5*q + 8 = 2*v, -4*v - v = -3*q + 18. Let i(d) = d + 13. Calculate i(v).
7
Let h be 6*1 - (0 + 3). Let s(p) be the first derivative of -p**3/6 - p**2 - p + 1. Let x(t) be the first derivative of s(t). Calculate x(h).
-5
Suppose -21 = -3*i - 0*i. Let w(j) = -2*j**3 + 4*j + i*j**2 - 2*j - 6*j**2 - 3. What is w(2)?
-11
Let p(h) = -h**2 + 10*h - 15. Let l be p(8). Let k(j) = 2*j**3 + 2*j**2 - 1. Give k(l).
3
Let j(g) be the third derivative of -g**5/60 + 3*g**4/8 - 2*g**3/3 + g**2 + 4*g. Calculate j(6).
14
Let f(k) be the third derivative of k**6/60 + k**5/30 - k**4/12 - k**3/2 - 4*k**2. Let l(b) = -3*b**2 + 1. Let d be l(-1). Calculate f(d).
-7
Let y(x) = -2*x + 1. Let b(h) be the first derivative of h**4/4 - h**3/3 - h**2 - h - 1. Let w be b(2). Give y(w).
3
Let b(j) = 4*j - 4. Let y(f) = 0*f - 4 - 2*f**3 - 2*f**3 + 3*f**3 + 7*f**2 + f. Let z be y(7). Determine b(z).
8
Let g(b) = 6*b - 5*b + 4 - 4*b. Let d(r) = r + 3. Let a be d(0). Give g(a).
-5
Let l be 0*(5/(-2) + 2). Let z = l + -3. Let a(o) = 5*o**2 - o - 2. Let d(s) = s**2 - s - 1. Let p(m) = -a(m) + 4*d(m). Give p(z).
-2
Suppose -w + 1 = 3*h - 4, 2*h = 0. Suppose -4*f + 6*f + 6 = 0. Let m(i) = 3*i - 2. Let d(o) = 2*o - 1. Let l(j) = f*m(j) + 4*d(j). Determine l(w).
-3
Let m(n) = 6 + 2*n + 3*n**2 - 5 - 6*n**2. Let f(x) = -x**3 - 4*x**2 + 3*x - 6. Let w be f(-5). Suppose 4*b = -y - w + 9, -b = -y - 5. Give m(b).
-7
Let q(x) = 16*x + 16. Let j(r) = -3*r - 3. Let t(v) = 11*j(v) + 2*q(v). Let k be 1/2 - 15/6. Let p be 1/(5/(-3) - k). Calculate t(p).
-4
Let a(j) be the first derivative of j**4/12 - j**3/6 - j**2 + 3*j + 1. Let h(y) be the first derivative of a(y). What is h(2)?
0
Suppose 0 = -2*f + 4*f - b - 1, 2*f = -5*b - 17. Let d be (10/3)/((-4)/6). Let m = d - f. Let r(l) = -l**2 - 4*l. Determine r(m).
0
Let h(v) = v**2 + 9*v - 9. Suppose 6*y - 7 = 7*y. Give h(y).
-23
Let y(i) = i**2 - 3. Suppose -p - 7 = 2*h, 5 = 4*h - 2*p + 31. Let s(u) = -5 + 0*u**3 + 4*u**2 + 0*u**3 + u**3 - 6*u. Let x be s(h). Determine y(x).
-3
Let k(z) be the third derivative of -z**4/24 + 2*z**3/3 - 9*z**2. Let u be (-50)/(-8) - (-1)/(-4). Give k(u).
-2
Let x be (-13)/(-52) - 19/(-4). Let s(b) = -x - 3*b - 1 + 0*b + 4*b. Give s(6).
0
Let j(f) = -3*f**2 - f + 1. Let k(s) = -4*s**2 - s + 1. Let p = -8 + 3. Let g(m) = p*j(m) + 4*k(m). Give g(-2).
-7
Let o(a) be the first derivative of -2*a**3/3 + 3*a**2/2 + 4*a + 3. Let t(w) = w**2 - 2*w + 3. Let p be t(3). Suppose 2*m = -0 + p. Give o(m).
-5
Suppose 4*r - 35 = 2*d + d, 4*r + 3*d = 5. Suppose 3 + 12 = 5*k + 5*g, r*k = -g + 23. Let v(b) = 2*b - 4. Determine v(k).
6
Let i(u) be the first derivative of u**4/4 + 4*u**3/3 - 5*u**2/2 - 5*u + 1. Let j = -1 + 4. Suppose 0 = -j*q + 5*q + 10. Calculate i(q).
-5
Suppose -7*y = -11*y + 8. Let p(s) = s**3 - 2*s**2 + 1. Determine p(y).
1
Let k(z) = -z**3 - 3*z**2 + 4*z - 3. Let x be (-1 - 0)*(3 + -2). Let i be -5 + -4*x/4. Calculate k(i).
-3
Let s be 5*((3 - 2) + 0). Let b(u) = 1 + u**2 - s*u + 2*u + 3*u**3 - 2 - u**3. Give b(-2).
-7
Suppose -3*h + 24 - 6 = 0. Let c be 44/h - 7/21. Suppose -2*t - 15 = -c*t. Let l(s) = -s. Determine l(t).
-3
Let a = 5 + -4. Let m(j) = 8 - 3*j**2 - 3*j**2 - j**3 - 3*j - a. Give m(-5).
-3
Let u(n) = n**3 + 5*n**2 + 3*n + 1. Let i be u(-2). Suppose 3*s - i = 5. Let f(b) = 11*b + 35. Let q(a) = 2*a + 6. Let o(t) = 6*f(t) - 34*q(t). Give o(s).
-2
Let f(o) = -o**3 - 4*o**2 + 5*o - 2. Let m(u) be the second derivative of 0 + 2*u + 5/2*u**2 + 7/6*u**3 + 1/12*u**4. Let c be m(-5). Give f(c).
-2
Let v(u) = 1 - 2*u**2 + 5*u - u**3 + 4*u**3 - 4*u**3. Give v(-4).
13
Let i(d) = 18 - 33 - d + 14 - 3*d. Determine i(-2).
7
Let q(i) = -i**2 + 2*i - 1. Let m(v) = 3*v + 7. L